-3)?
-17
Let s(d) = 182*d**3 - 3*d**2 + 2. What is s(1)?
181
Let d(r) = -174*r**2 + 154*r - 2. Calculate d(2).
-390
Let a(t) = 26*t - 100. Calculate a(5).
30
Let d(w) = -2*w**2 + 83*w - 406. Calculate d(6).
20
Let q(m) = 5*m**2 - 12*m + 48. Calculate q(5).
113
Let z(o) = 85*o - 444. Give z(4).
-104
Let p(z) = 47*z + 1308. Calculate p(-28).
-8
Let n(r) = -r**2 - 492*r - 58204. Calculate n(-198).
8
Let q(l) = 995*l + 7. Calculate q(0).
7
Let f(t) = 3*t**3 + 50*t**2 - 13*t + 61. What is f(-17)?
-7
Let k(o) = 111*o - 1774. Calculate k(12).
-442
Let n(z) = z**3 + 19*z**2 + 48*z + 547. Give n(-18).
7
Let r(d) = d**2 - 45*d - 262. Give r(-5).
-12
Let z(l) = -12*l**3 + l**2 - 42*l + 78. What is z(2)?
-98
Let x(u) = u**3 + 17*u**2 - 22*u - 62. What is x(-18)?
10
Let w(t) = -42*t**3 + 8*t**2 + 31*t + 20. What is w(-1)?
39
Let q(r) = r**3 + r**2 - 34*r - 10. What is q(5)?
-30
Let q(s) = 21*s**2 + 39*s - 187. Give q(-4).
-7
Let v(s) = -4*s**3 + 16*s**2 + 14. Give v(5).
-86
Let k(s) = -35*s**2 - 23*s - 145. What is k(-5)?
-905
Let b(y) = -y**2 + 233*y - 2. What is b(0)?
-2
Let c(x) = -18*x**3 + 14*x**2 - 27*x + 22. Calculate c(1).
-9
Let i(r) = -r**3 - 48*r**2 - 89*r + 134. Calculate i(-46).
-4
Let a(m) = -20*m + 68. What is a(11)?
-152
Let g(s) = 5*s**2 + s - 51. Give g(-3).
-9
Let l(h) = -26*h**2 + 454*h + 454. Calculate l(-1).
-26
Let w(d) = 2*d**3 + 278*d**2 + d + 126. Give w(-139).
-13
Let i(f) = -134*f + 25560. What is i(191)?
-34
Let x(s) = 4*s**2 + 156*s - 509. Determine x(-42).
-5
Let g(n) = -n**2 + 887*n - 6208. What is g(7)?
-48
Let f(v) = -v**2 - 318*v - 25138. Determine f(-171).
-1
Let h(q) = q**3 + 38*q**2 - 81*q - 54. Determine h(-40).
-14
Let k(p) = p**3 - 49*p**2 + 99*p - 2. Determine k(47).
233
Let l(r) = r**3 + 33*r**2 + r + 36. Calculate l(-33).
3
Let c(j) = -23*j - 391. Give c(-17).
0
Let p(z) = 4*z**3 + 142*z**2 - 88*z + 14. Determine p(-36).
590
Let b(y) = -y**3 - 6*y - 142. What is b(0)?
-142
Let f(t) = -11*t**2 - 40*t + 24. What is f(-3)?
45
Let l(z) = z**3 - 11*z**2 + 4*z - 65. Calculate l(11).
-21
Let d(a) = a**3 - 13*a**2 - 66*a + 1001. Give d(11).
33
Let z(t) = -34*t - 186. What is z(-3)?
-84
Let t(y) = -7*y**2 + 80*y + 387. Calculate t(-5).
-188
Let b(z) = -2*z**3 + 8*z**2 - 314*z + 948. Calculate b(3).
24
Let m(f) = f**3 + 40*f**2 - 93*f - 385. Calculate m(-42).
-7
Let y(q) = 728*q - 44404. Determine y(61).
4
Let s(j) = -757*j + 2297. Determine s(3).
26
Let f(u) = -u**3 - 134*u**2 + 3*u + 381. What is f(-134)?
-21
Let r(g) = g**3 - 45*g**2 - 95*g + 72. Calculate r(47).
25
Let g(a) = 23*a**2 + 6*a - 5. Give g(2).
99
Let n(f) = 33*f**2 - 4*f. Determine n(-1).
37
Let w(y) = y**3 + 73*y**2 - 1640*y - 158. Calculate w(-91).
24
Let d(o) = -o**3 + 21*o**2 + 63*o + 199. Calculate d(24).
-17
Let b(l) = -l**3 - 2*l**2 - 10*l + 587. Give b(0).
587
Let l(z) = 10*z**3 - 3*z**2 + 6*z - 2. Determine l(1).
11
Let m(l) = -8*l - 126. What is m(-18)?
18
Let a(u) = 6*u + 22. Give a(-20).
-98
Let g(i) = 89*i + 2333. Determine g(-26).
19
Let i(v) = -378*v - 2663. Determine i(-7).
-17
Let b(q) = -q**2 - 46*q + 10299. What is b(81)?
12
Let z(k) = -k**3 + 104*k**2 + 337. Give z(104).
337
Let p(o) = -10226*o - 92042. Determine p(-9).
-8
Let w(k) = 446*k + 222. Give w(-1).
-224
Let q(b) = 5*b**3 + 584*b**2 + 473*b + 1028. Determine q(-116).
-16
Let c(r) = -9*r**3 + 311*r**2 - 304*r - 10. Calculate c(1).
-12
Let n(d) = -d**3 - 7*d**2 - 10*d + 31. Calculate n(-7).
101
Let l(p) = -p**2 + 6*p + 509. Calculate l(-19).
34
Let n(l) = 164*l + 1201. Calculate n(-7).
53
Let b(o) = 37*o + 1614. Give b(-44).
-14
Let j(h) = h**2 - 10*h + 100. Determine j(-17).
559
Let h(k) = 12*k**3 + 410*k**2 + 68*k + 4. What is h(-34)?
4
Let k(u) = 6*u**3 + 2*u**2 + 32. Calculate k(0).
32
Let y(z) = 85*z - 1909. What is y(22)?
-39
Let z(k) = -k**2 + 193*k - 8516. What is z(68)?
-16
Let q(o) = -2*o**2 + 91*o + 1023. What is q(55)?
-22
Let d(q) = 79*q**3 - 41*q**2 - 85*q - 4. Calculate d(-2).
-630
Let j(w) = 46*w + 167. Give j(9).
581
Let c(o) = -75*o - 1288. Give c(-17).
-13
Let w(u) = -u**3 + 51*u**2 + u - 31. What is w(51)?
20
Let j(s) = -2840*s - 19882. Calculate j(-7).
-2
Let y(i) = i**3 - 38*i**2 - 169*i + 96. Determine y(42).
54
Let p(q) = -17*q - 443. Give p(-22).
-69
Let z(w) = w**3 + 17*w**2 + 19*w - 6. What is z(-15)?
159
Let v(y) = -301*y - 306. Give v(-1).
-5
Let k(g) = -14*g + 179. Give k(15).
-31
Let o(g) = -249*g**2 + 1493*g + 9. Give o(6).
3
Let o(h) = -h**3 - 27*h**2 - 44*h + 126. Give o(-25).
-24
Let n(y) = 2*y**2 - 462*y - 3792. Give n(-8).
32
Let m(c) = -9*c**2 - 5*c + 12. Calculate m(3).
-84
Let r(y) = -87*y**2 + 6993*y - 2637. Determine r(80).
3
Let l(i) = 9*i**2 + 74*i + 74. Calculate l(-1).
9
Let z(r) = -2*r**3 + 52*r**2 + 11*r - 285. Give z(26).
1
Let t(c) = -c**3 - 37*c**2 + 39*c - 185. Give t(-38).
-223
Let x(r) = -1553*r - 24821. Calculate x(-16).
27
Let m(b) = -3*b**3 - 13*b**2 + 19*b + 44. Give m(-5).
-1
Let h(k) = -106*k - 538. What is h(-5)?
-8
Let v(h) = -2337*h + 2314. Give v(1).
-23
Let d(g) = 117*g - 4457. What is d(38)?
-11
Let y(c) = -280*c - 2237. Give y(-8).
3
Let w(j) = j**3 - 4*j**2 - 437*j - 1036. Calculate w(24).
-4
Let i(j) = 36*j - 223. Determine i(5).
-43
Let t(s) = s**3 + 12*s**2 + s + 607. Determine t(-15).
-83
Let f(c) = -3*c**3 + 275*c**2 - 181*c - 86. Determine f(91).
5
Let i(b) = 12*b**2 - 134*b + 128. Give i(10).
-12
Let q(u) = -11*u - 1380. Give q(-125).
-5
Let x(s) = -3*s**3 - 18*s**2 - 23*s - 1. What is x(-2)?
-3
Let g(h) = h**3 - 29*h**2 - 27*h - 138. Calculate g(30).
-48
Let n(g) = -1438*g - 24327. Give n(-17).
119
Let u(d) = d**2 + 21*d + 16. What is u(0)?
16
Let n(i) = -i + 699. What is n(-24)?
723
Let u(v) = 4*v**2 + 3. Calculate u(-3).
39
Let w(t) = t**3 + 53*t**2 + t + 168. Determine w(-53).
115
Let y(g) = -97*g - 875. Calculate y(-7).
-196
Let k(g) = 35*g + 223. Determine k(-6).
13
Let g(n) = -n**3 + n**2 - n + 45. Determine g(0).
45
Let a(l) = -l**3 + 3*l**2 - 4*l - 3. Determine a(2).
-7
Let l(d) = 746*d + 5981. Determine l(-8).
13
Let a(z) = -z**2 + 120*z - 2603. Calculate a(29).
36
Let d(u) = -61*u + 1241. Give d(20).
21
Let c(i) = 4*i**3 + 4*i**2 - i - 28. Determine c(-2).
-42
Let w(p) = -p**2 - 2*p + 73. What is w(12)?
-95
Let x(j) = -j**3 - 83*j**2 - 390*j - 3. Determine x(-78).
-3
Let l(h) = -525*h - 3523. Give l(-7).
152
Let y(p) = p**3 - 7*p**2 - 8*p + 26. What is y(8)?
26
Let r(v) = 377*v + 3965. Calculate r(-10).
195
Let q(f) = -4*f**2 - 7*f - 28. Determine q(-8).
-228
Let w(p) = p**2 - 5*p - 247. Give w(-14).
19
Let d(t) = 1055*t + 6318. Determine d(-6).
-12
Let b(d) = 7*d**3 + 1750*d**2 - 4*d - 993. Determine b(-250).
7
Let g(w) = -293*w + 10259. Give g(35).
4
Let p(l) = l**3 - 5*l**2 - 33*l + 11. Determine p(-6).
-187
Let g(a) = -a**3 + 17*a**2 + 43*a - 82. What is g(19)?
13
Let k(n) = 5*n - 171. What is k(30)?
-21
Let d(a) = -33*a**2 + 162*a + 24. Calculate d(5).
9
Let w(u) = u**2 - 34*u + 384. Calculate w(19).
99
Let d(z) = -25*z + 10. Calculate d(-6).
160
Let y(g) = -g**2 + 30*g - 173. Give y(9).
16
Let a(s) = 2*s**3 - 69*s**2 + 273*s - 90. Determine a(30).
0
Let g(p) = 2*p**3 + 20*p**2 + 45*p - 41. Give g(-7).
-62
Let n(u) = 19*u - 749. Calculate n(38).
-27
Let o(i) = -744*i - 45392. Give o(-61).
-8
Let u(h) = -10870*h - 32607. Calculate u(-3).
3
Let j(a) = -a**2 - 17*a - 9. Determine j(-19).
-47
Let t(f) = -28*f + 27. Give t(0).
27
Let k(y) = y**3 - 156*y**2 + 1995*y - 992. Give k(142).
2
Let g(t) = -354*t**2 - 1410*t + 22. Give g(-4).
-2
Let c(j) = j**2 + 4*j - 17. What is c(4)?
15
Let j(n) = 4*n**2 + 9*n - 3. Calculate j(-3).
6
Let r(t) = -224*t - 49506. Determine r(-221).
-2
Let f(u) = -252*u - 11. What is f(-1)?
241
Let b(j) = j**2 - 66*j - 5651. What is b(-49)?
-16
Let f(p) = -17*p**2 - 82*p + 84. Calculate f(1).
-15
Let g(q) = 780*q - 16387. What is g(21)?
-7
Let t(x) = x**3 - 14*x**2 - 150*x + 2109. Give t(14).
9
Let v(q) = -q**3 + 68*q**2 - 136*q + 314. Calculate v(66).
50
Let t(n) = n**3 + 50*n**2 + 141*n + 11. What is t(-47)?
11
Let d(t) = -624*t - 1214. What is d(-2)?
34
Let v(l) = 4*l**3 - 89*l**2 + l + 460. Give v(22).
-2
Let m(f) = -f**3 + 10*f**2 - 3*f + 21. Determine m(7).
147
Let n(h) = -3*h**2 - 20*h - 23. Determine n(-6).
-11
Let y(m) = -15531*m + 15542. What is y(1)?
11
Let